892933?
2
What is the hundred millions digit of 1001015258?
0
What is the ten millions digit of 1770558420?
7
What is the ten millions digit of 13072549?
1
What is the hundred thousands digit of 28015001?
0
What is the hundreds digit of 141105502?
5
What is the hundred thousands digit of 165447828?
4
What is the hundreds digit of 22682479?
4
What is the hundred millions digit of 5498228674?
4
What is the thousands digit of 527724298?
4
What is the units digit of 2772458389?
9
What is the hundred millions digit of 4164365884?
1
What is the hundreds digit of 317413387?
3
What is the ten millions digit of 26994348?
2
What is the ten millions digit of 1894345735?
9
What is the millions digit of 1629818768?
9
What is the hundred millions digit of 112330271?
1
What is the hundreds digit of 3238346009?
0
What is the units digit of 706758715?
5
What is the millions digit of 45429779?
5
What is the hundreds digit of 9719484?
4
What is the ten thousands digit of 43347939?
4
What is the thousands digit of 861307684?
7
What is the hundred thousands digit of 34160922?
1
What is the units digit of 151787188?
8
What is the ten millions digit of 19524814?
1
What is the ten thousands digit of 357612411?
1
What is the hundred thousands digit of 2167215662?
2
What is the hundreds digit of 53495993?
9
What is the hundreds digit of 325658385?
3
What is the thousands digit of 18816635?
6
What is the tens digit of 24376290?
9
What is the units digit of 6239416483?
3
What is the ten millions digit of 77528891?
7
What is the hundred thousands digit of 1381487942?
4
What is the millions digit of 4357388307?
7
What is the tens digit of 2346577929?
2
What is the ten thousands digit of 278007807?
0
What is the hundred thousands digit of 1377413117?
4
What is the hundreds digit of 2466405338?
3
What is the ten millions digit of 191151348?
9
What is the thousands digit of 78069685?
9
What is the thousands digit of 60624945?
4
What is the hundred millions digit of 703506342?
7
What is the thousands digit of 489291725?
1
What is the units digit of 234967932?
2
What is the hundreds digit of 3116403914?
9
What is the hundreds digit of 255623427?
4
What is the hundred thousands digit of 28154218?
1
What is the hundreds digit of 3247193794?
7
What is the hundred thousands digit of 196356609?
3
What is the millions digit of 4538038734?
8
What is the hundred thousands digit of 20753702?
7
What is the hundred millions digit of 573286579?
5
What is the hundreds digit of 116124985?
9
What is the hundred thousands digit of 2172890160?
8
What is the tens digit of 86944672?
7
What is the hundreds digit of 74869406?
4
What is the hundred millions digit of 2975778352?
9
What is the hundred millions digit of 6146963923?
1
What is the thousands digit of 732809036?
9
What is the thousands digit of 44668533?
8
What is the billions digit of 1127382570?
1
What is the thousands digit of 454699069?
9
What is the tens digit of 635165819?
1
What is the hundred thousands digit of 4041171049?
1
What is the ten thousands digit of 68056685?
5
What is the tens digit of 35871070?
7
What is the tens digit of 1478590442?
4
What is the ten thousands digit of 3054429703?
2
What is the units digit of 549270406?
6
What is the ten thousands digit of 165250855?
5
What is the hundred millions digit of 285317445?
2
What is the millions digit of 808969706?
8
What is the hundreds digit of 182178128?
1
What is the hundreds digit of 65900954?
9
What is the ten thousands digit of 23337499?
3
What is the thousands digit of 653331728?
1
What is the units digit of 127965423?
3
What is the thousands digit of 105376613?
6
What is the thousands digit of 27977522?
7
What is the tens digit of 4055626698?
9
What is the tens digit of 1642228929?
2
What is the units digit of 2342556997?
7
What is the thousands digit of 552238595?
8
What is the thousands digit of 74828270?
8
What is the tens digit of 84041394?
9
What is the ten thousands digit of 565144056?
4
What is the millions digit of 1191367819?
1
What is the hundred millions digit of 166129846?
1
What is the units digit of 9173673?
3
What is the tens digit of 2787118783?
8
What is the thousands digit of 16036174?
6
What is the thousands digit of 2540392147?
2
What is the hundred millions digit of 510636587?
5
What is the hundred millions digit of 756040796?
7
What is the ten millions digit of 6856889818?
5
What is the thousands digit of 3622103360?
3
What is the hundred millions digit of 5408252286?
4
What is the millions digit of 271321041?
1
What is the billions digit of 1163703395?
1
What is the ten millions digit of 595845178?
9
What is the millions digit of 112092337?
2
What is the millions digit of 330203265?
0
What is the ten thousands digit of 758552211?
5
What is the hundred millions digit of 243012102?
2
What is the ten millions digit of 250668894?
5
What is the hundred millions digit of 112868558?
1
What is the ten millions digit of 247427349?
4
What is the units digit of 46533551?
1
What is the hundred millions digit of 1319350251?
3
What is the hundreds digit of 630312693?
6
What is the units digit of 694638467?
7
What is the tens digit of 77197810?
1
What is the units digit of 4421400878?
8
What is the tens digit of 210844105?
0
What is the billions digit of 3866397284?
3
What is the hundreds digit of 10064533?
5
What is the ten thousands digit of 2470305678?
0
What is the units digit of 9633666?
6
What is the thousands digit of 103203880?
3
What is the hundred thousands digit of 1812065?
8
What is the thousands digit of 14264576?
4
What is the hundred thousands digit of 41254973?
2
What is the millions digit of 476746742?
6
What is the millions digit of 68730878?
8
What is the ten thousands digit of 39757810?
5
What is the ten millions digit of 78592859?
7
What is the millions digit of 2723135166?
3
What is the tens digit of 157314856?
5
What is the thousands digit of 173552847?
2
What is the ten millions digit of 882944219?
8
What is the hundreds digit of 212563766?
7
What is the thousands digit of 1749083690?
3
What is the thousands digit of 275749837?
9
What is the thousands digit of 395786472?
6
What is the ten millions digit of 63274051?
6
What is the tens digit of 2392541?
4
What is the billions digit of 4635858524?
4
What is the ten thousands digit of 48066006?
6
What is the tens digit of 75018530?
3
What is the thousands digit of 351392917?
2
What is the units digit of 177374887?
7
What is the units digit of 51443282?
2
What is the ten millions digit of 115429843?
1
What is the thousands digit of 5794009436?
9
What is the units digit of 116207320?
0
What is the ten thousands digit of 661453662?
5
What is the ten thousands digit of 132679850?
7
What is the hundred thousands digit of 32222992?
2
What is the tens digit of 222525699?
9
What is the tens digit of 36148881?
8
What is the millions digit of 22911694?
2
What is the millions digit of 160940019?
0
What is the units digit of 8987433?
3
What is the tens digit of 49862370?
7
What is the tens digit of 144039819?
1
What is the millions digit of 5534958732?
4
What is the hundred thousands digit of 3510921754?
9
What is the hundred thousands digit of 80310117?
3
What is the ten millions digit of 492003194?
9
What is the ten millions digit of 3591168059?
9
What is the ten millions digit of 1688541576?
8
What is the hundred thousands digit of 14647417?
6
What is the units digit of 61422153?
3
What is the hundred millions digit of 1135421712?
1
What is the millions digit of 66619291?
6
What is the hundreds digit of 1210649472?
4
What is the millions digit of 616971134?
6
What is the hundreds digit of 38270909?
9
What is the thousands digit of 86705624?
5
What is the billions digit of 2620389949?
2
What is the tens digit of 71781806?
0
What is the millions digit of 74885699?
4
What is the hundreds digit of 621622145?
1
What is the thousands digit of 113428314?
8
What is the hundreds digit of 3485394104?
1
What is the tens digit of 28250425?
2
What is the ten thousands digit of 73967708?
6
What is the units digit of 248187284?
4
What is the units digit of 17414287?
7
What is the tens digit of 714772012?
1
What is the hundreds digit of 44258895?
8
What is the ten millions digit of 4540361662?
4
What is the